0?
2570
What is the highest common factor of 829353 and 4320967?
3787
Calculate the highest common divisor of 237377 and 38129.
7
What is the highest common divisor of 32250 and 20715000?
750
What is the highest common factor of 8290853 and 4055?
811
Calculate the greatest common factor of 6384 and 22916831.
133
Calculate the greatest common divisor of 18084 and 13368828.
132
What is the highest common divisor of 104572 and 299639?
2011
What is the highest common factor of 1778926 and 11034?
1226
What is the highest common factor of 90 and 689470?
10
What is the greatest common divisor of 25877891 and 104?
13
What is the highest common divisor of 78 and 49471149?
39
What is the greatest common factor of 308 and 209760068?
28
Calculate the greatest common factor of 1317402 and 12.
6
Calculate the greatest common factor of 28 and 83656636.
28
Calculate the greatest common divisor of 1925289 and 608.
19
What is the greatest common divisor of 1079 and 2283579?
83
What is the greatest common divisor of 163371 and 20355?
177
Calculate the greatest common factor of 136773 and 41151305.
2171
Calculate the highest common divisor of 139722 and 464145.
957
What is the highest common factor of 1296 and 1128848?
16
Calculate the highest common divisor of 723 and 109974566.
241
Calculate the greatest common factor of 5811049 and 928.
29
Calculate the greatest common divisor of 14896 and 1112944.
2128
Calculate the highest common divisor of 2444 and 895609.
13
Calculate the highest common divisor of 7255 and 36206803.
1451
Calculate the highest common factor of 7640 and 8912824.
1528
What is the highest common divisor of 26412 and 1259043?
213
What is the greatest common factor of 332 and 1009772?
4
Calculate the greatest common factor of 9 and 165996072.
9
What is the greatest common divisor of 15119 and 38722085?
1163
Calculate the highest common factor of 1848 and 36224.
8
Calculate the greatest common divisor of 1132613 and 51260.
233
What is the highest common factor of 201160 and 361289?
47
Calculate the highest common factor of 256 and 7819712.
64
What is the highest common divisor of 368 and 262609216?
368
What is the greatest common divisor of 591693 and 1651?
127
What is the greatest common factor of 21618 and 380733814?
2402
Calculate the greatest common divisor of 353 and 1101007.
353
Calculate the highest common factor of 94853708 and 376.
188
What is the greatest common divisor of 1889680 and 6736?
16
What is the highest common factor of 80 and 256155440?
80
Calculate the highest common factor of 39 and 5080413.
39
Calculate the highest common divisor of 694722 and 100317.
357
Calculate the highest common factor of 108288 and 860416.
256
Calculate the greatest common factor of 8074845 and 180.
45
Calculate the highest common divisor of 13463305 and 12065.
95
What is the highest common factor of 30700691 and 2499?
119
Calculate the highest common divisor of 1732 and 36765164.
1732
What is the highest common divisor of 235296 and 65056?
608
What is the highest common divisor of 1090208 and 1068228?
4396
What is the greatest common factor of 12480 and 2339766?
78
What is the greatest common factor of 814 and 25533330?
74
What is the greatest common divisor of 206 and 148104112?
206
What is the greatest common divisor of 7287 and 35572011?
1041
Calculate the highest common factor of 697818170 and 350.
70
What is the greatest common factor of 24 and 75791184?
24
Calculate the highest common factor of 19296 and 12769128.
4824
Calculate the greatest common factor of 19052863 and 334.
167
What is the greatest common divisor of 4298 and 280?
14
Calculate the greatest common factor of 423 and 491996.
47
Calculate the greatest common factor of 303894 and 194022.
18
Calculate the highest common divisor of 5081969 and 517.
47
Calculate the greatest common factor of 579030 and 87.
3
What is the highest common divisor of 146964 and 653124?
444
What is the greatest common divisor of 549283 and 914249?
917
What is the greatest common factor of 55930 and 28992565?
595
What is the greatest common factor of 4809 and 2495642?
229
Calculate the highest common factor of 278240 and 2257.
37
What is the greatest common divisor of 35467617 and 1821?
1821
Calculate the highest common divisor of 20207 and 7500471.
1837
What is the greatest common divisor of 405551169 and 9339?
849
What is the greatest common divisor of 110794 and 4220894?
3574
What is the highest common divisor of 2491437 and 26811?
993
Calculate the highest common factor of 4879 and 3685367.
287
Calculate the highest common divisor of 15264410 and 92.
46
What is the highest common factor of 42 and 29706537?
21
What is the greatest common divisor of 1032 and 127123050?
258
Calculate the greatest common factor of 60125499 and 37044.
3087
Calculate the greatest common divisor of 3 and 13669869.
3
What is the greatest common factor of 14832 and 857263644?
3708
Calculate the greatest common factor of 3685532 and 8466.
2822
What is the greatest common divisor of 28 and 498599374?
14
Calculate the highest common factor of 7216 and 140220000.
656
Calculate the highest common divisor of 10656 and 4284378.
666
What is the greatest common factor of 286970888 and 4984?
712
What is the greatest common divisor of 711663 and 4681?
151
What is the greatest common divisor of 2489067 and 735?
21
Calculate the greatest common factor of 1377 and 20332170.
153
What is the highest common factor of 1004 and 653330912?
1004
What is the highest common divisor of 11321985 and 519?
519
Calculate the highest common divisor of 2873572 and 1279252.
3796
What is the highest common factor of 5954 and 234468?
26
Calculate the highest common factor of 322002 and 6877386.
4806
What is the highest common divisor of 10529415 and 7605?
585
Calculate the highest common factor of 4676 and 1300068.
28
Calculate the greatest common divisor of 16576 and 46102.
518
Calculate the highest common factor of 11899226 and 1686.
562
Calculate the highest common divisor of 6938271 and 297.
27
Calculate the greatest common divisor of 941738170 and 4638.
1546
What is the highest common factor of 1860 and 131035605?
465
Calculate the highest common divisor of 402633 and 519057.
4851
Calculate the greatest common divisor of 65493 and 1931103.
171
What is the greatest common factor of 367924744 and 5032?
5032
Calculate the greatest common divisor of 20 and 6959845.
5
What is the highest common factor of 4084 and 3334?
2
What is the highest common factor of 89512 and 175272?
536
Calculate the highest common factor of 3485 and 5181090.
85
What is the highest common factor of 13157769 and 6?
3
Calculate the highest common factor of 4532496 and 1992.
24
What is the highest common divisor of 24640 and 538912?
352
What is the highest common factor of 7815952 and 5520?
368
What is the highest common factor of 147442960 and 46400?
2320
What is the highest common factor of 4736 and 123472?
16
What is the greatest common factor of 186 and 2718036?
6
What is the greatest common factor of 89204899 and 35?
7
What is the greatest common factor of 7810503 and 1374?
687
Calculate the greatest common divisor of 99375 and 177285.
795
Calculate the highest common factor of 442073565 and 108.
27
Calculate the greatest common divisor of 1740 and 6599220.
60
Calculate the greatest common divisor of 540 and 10292805.
135
Calculate the greatest common factor of 5435046 and 16956.
54
Calculate the greatest common divisor of 9457 and 835304.
193
What is the highest common factor of 84 and 30735411?
21
What is the greatest common divisor of 44801 and 206184?
71
Calculate the greatest common divisor of 2072858 and 688.
86
What is the highest common factor of 2280 and 1303040?
40
Calculate the greatest common divisor of 1799 and 62217901.
257
Calculate the greatest common factor of 288 and 125607136.
32
Calculate the highest common factor of 84066 and 318.
6
What is the highest common divisor of 8391536 and 688?
688
What is the greatest common divisor of 27 and 126948321?
9
Calculate the highest common factor of 2814 and 85967231.
469
What is the highest common divisor of 16044 and 5097026?
382
Calculate the highest common divisor of 6670 and 157550.
230
Calculate the greatest common